4484
What is the remainder when 7717145 is divided by 294?
233
Calculate the remainder when 36338508 is divided by 18169244.
20
What is the remainder when 243949 is divided by 30488?
45
Calculate the remainder when 74906463 is divided by 1097.
12
What is the remainder when 100551 is divided by 33435?
246
What is the remainder when 195497 is divided by 770?
687
What is the remainder when 367329 is divided by 215?
109
Calculate the remainder when 203587 is divided by 13560.
187
Calculate the remainder when 11729 is divided by 130.
29
What is the remainder when 47486 is divided by 1686?
278
Calculate the remainder when 7913160 is divided by 3879.
0
Calculate the remainder when 32499966 is divided by 85.
46
What is the remainder when 11143232 is divided by 156?
152
What is the remainder when 200763 is divided by 130?
43
Calculate the remainder when 3611766 is divided by 16.
6
What is the remainder when 120135 is divided by 3282?
1983
Calculate the remainder when 42825 is divided by 255.
240
Calculate the remainder when 272193 is divided by 2694.
99
Calculate the remainder when 2759159 is divided by 919637.
248
Calculate the remainder when 28761072 is divided by 685.
662
What is the remainder when 79740 is divided by 438?
24
What is the remainder when 4520664 is divided by 385?
379
Calculate the remainder when 466539 is divided by 201.
18
Calculate the remainder when 322878891 is divided by 28708.
15
What is the remainder when 349182 is divided by 115350?
3132
Calculate the remainder when 11660961 is divided by 971746.
9
Calculate the remainder when 723576 is divided by 33.
18
What is the remainder when 1550795 is divided by 16?
11
Calculate the remainder when 2051428 is divided by 1121.
1119
Calculate the remainder when 26630 is divided by 3938.
3002
Calculate the remainder when 4393566 is divided by 1863.
612
Calculate the remainder when 1650301 is divided by 882.
79
Calculate the remainder when 24138810 is divided by 2021.
2007
Calculate the remainder when 7046012 is divided by 153.
56
Calculate the remainder when 1013279 is divided by 3481.
308
What is the remainder when 65873 is divided by 2285?
1893
Calculate the remainder when 22309 is divided by 2469.
88
Calculate the remainder when 381399 is divided by 32.
23
What is the remainder when 519722 is divided by 21?
14
What is the remainder when 97752 is divided by 24294?
576
Calculate the remainder when 7333854 is divided by 16.
14
Calculate the remainder when 3449836 is divided by 1149930.
46
What is the remainder when 2164139 is divided by 83236?
3
What is the remainder when 23004760 is divided by 199?
161
Calculate the remainder when 129104 is divided by 1334.
1040
What is the remainder when 174639 is divided by 87298?
43
Calculate the remainder when 96135081 is divided by 708.
9
Calculate the remainder when 255112708 is divided by 705.
703
What is the remainder when 5419446 is divided by 24?
6
Calculate the remainder when 1210207 is divided by 2738.
11
Calculate the remainder when 604586 is divided by 67160.
146
What is the remainder when 2827051 is divided by 1701?
1690
Calculate the remainder when 2359293 is divided by 431.
430
What is the remainder when 1185634 is divided by 161?
30
Calculate the remainder when 842684 is divided by 2736.
2732
What is the remainder when 1465288 is divided by 722?
350
Calculate the remainder when 3087 is divided by 429.
84
What is the remainder when 2757181 is divided by 16?
13
What is the remainder when 113312 is divided by 1532?
1476
Calculate the remainder when 1089405 is divided by 13.
5
What is the remainder when 734067 is divided by 16311?
72
Calculate the remainder when 18560915 is divided by 1677.
1556
What is the remainder when 927853 is divided by 14?
3
What is the remainder when 3602470 is divided by 309?
148
Calculate the remainder when 6538265 is divided by 748.
745
What is the remainder when 5895095 is divided by 1926?
1535
What is the remainder when 8181334 is divided by 41?
30
Calculate the remainder when 49153666 is divided by 1816.
1810
Calculate the remainder when 299054519 is divided by 20.
19
What is the remainder when 646022 is divided by 107617?
320
What is the remainder when 207298 is divided by 69069?
91
Calculate the remainder when 124776078 is divided by 5720.
5718
Calculate the remainder when 164019850 is divided by 343.
337
What is the remainder when 19107675 is divided by 169094?
53
Calculate the remainder when 4858900 is divided by 251.
42
Calculate the remainder when 1751022999 is divided by 20.
19
Calculate the remainder when 1255591 is divided by 7656.
7
What is the remainder when 879784 is divided by 1321?
1319
What is the remainder when 24247379 is divided by 1865182?
13
Calculate the remainder when 575089784 is divided by 4045.
4044
Calculate the remainder when 2964512 is divided by 988062.
326
What is the remainder when 1508690 is divided by 377170?
10
Calculate the remainder when 211729 is divided by 1059.
988
What is the remainder when 506495 is divided by 326?
217
Calculate the remainder when 1867651 is divided by 622545.
16
What is the remainder when 3704605 is divided by 102902?
133
Calculate the remainder when 15899946 is divided by 1839.
1791
What is the remainder when 175579 is divided by 58?
13
What is the remainder when 1388498 is divided by 218?
56
What is the remainder when 1984833308 is divided by 5264?
5260
What is the remainder when 1411547 is divided by 435?
407
What is the remainder when 412867 is divided by 58926?
385
Calculate the remainder when 772439 is divided by 628.
627
What is the remainder when 4578285 is divided by 25574?
539
Calculate the remainder when 829780 is divided by 36069.
193
Calculate the remainder when 138622520 is divided by 3300536.
8
What is the remainder when 1796792 is divided by 307?
228
Calculate the remainder when 7783975 is divided by 3891987.
1
Calculate the remainder when 6733795 is divided by 961968.
19
Calculate the remainder when 84815 is divided by 12091.
178
What is the remainder when 317838 is divided by 4475?
113
What is the remainder when 861864987 is divided by 32?
27
Calculate the remainder when 1079627 is divided by 3825.
977
Calculate the remainder when 156692 is divided by 10783.
5730
Calculate the remainder when 15751625 is divided by 3937903.
13
Calculate the remainder when 132004 is divided by 43922.
238
Calculate the remainder when 1812385 is divided by 82.
21
Calculate the remainder when 1368501 is divided by 332.
329
Calculate the remainder when 11622946 is divided by 80.
66
Calculate the remainder when 1546040823 is divided by 306.
303
What is the remainder when 43558 is divided by 41885?
1673
Calculate the remainder when 847001 is divided by 20162.
197
What is the remainder when 170243 is divided by 4363?
86
What is the remainder when 446601 is divided by 215?
46
Calculate the remainder when 77598 is divided by 8442.
1620
Calculate the remainder when 872629 is divided by 487.
412
What is the remainder when 1186522 is divided by 40865?
1437
Calculate the remainder when 993258 is divided by 124157.
2
Calculate the remainder when 1043312 is divided by 10977.
497
Calculate the remainder when 558591 is divided by 2522.
1229
Calculate the remainder when 624553848 is divided by 312276916.
16
Calculate the remainder when 121716158 is divided by 19657.
14
What is the remainder when 44918 is divided by 22002?
914
Calculate the remainder when 183716 is divided by 87.
59
Calculate the remainder when 7199723 is divided by 6288.
6251
What is the remainder when 319946 is divided by 406?
18
What is the remainder when 184369 is divided by 5421?
55
Calculate the remainder when 18593 is divided by 18484.
109
Calculate the remainder when 1561497 is divided by 260247.
15
Calculate the remainder when 3558728 is divided by 286.
30
Calculate the remainder when 21196 is divided by 3870.
1846
What is the remainder when 251708 is divided by 27965?
23
Calculate the remainder when 3011068 is divided by 30.
28
What is the remainder when 40429084 is divided by 87?
10
Calculate the remainder when 156397434 is divided by 118.
116
Calculate the remainder when 1046462 is divided by 48.
14
What is the remainder when 8521957 is divided by 87855?
22
What is the remainder when 48174